*i**3 - 3*i**2 + 4*i - 5. What are the prime factors of d(3)?
2, 557
Let i be (103 + 2)/5 - 3. Let s(r) = i*r - 3*r + r - 1 - 4. List the prime factors of s(3).
43
Let v(o) = -4*o + 27. Let t(n) = 3*n - 28. Let q(w) = -5*t(w) - 4*v(w). List the prime factors of q(-8).
2, 3
Let z = 25 - 25. Suppose z = 5*u - 10*u + 575. What are the prime factors of u?
5, 23
Let i be (-25)/(-6) - 10/60. Suppose 0 = -i*q - 4*t + 384, 0 = q + 2*q + 5*t - 294. List the prime factors of q.
3, 31
Let k(u) = -10*u + 4. Let d(m) = -1 + 3*m - 2*m - 4*m**2 - 2*m. Let g be d(-1). List the prime factors of k(g).
2, 11
Let w(z) = z**3 + 10*z**2 - 18*z - 17. List the prime factors of w(-8).
3, 5, 17
Let d(k) be the first derivative of -k**4/4 + 10*k**3/3 - 9*k**2/2 + 1. Let o be d(9). What are the prime factors of (-4)/((-2)/19 - o)?
2, 19
Let m be -8*(399/6)/(-7). Suppose -m = -u + 5*w, -2*w + 238 = 5*u - 88. What are the prime factors of u?
2, 3, 11
Let l = 372 - 325. List the prime factors of l.
47
Let r(x) be the third derivative of -x**5/60 - 13*x**4/24 - x**3/6 + 6*x**2. Let p be r(-12). Let q = p - 1. What are the prime factors of q?
2, 5
Suppose -3*n = -3*m - 246, 2*n + 0*n - 179 = -m. List the prime factors of -4 + 3 + (n - -3).
89
Let g(u) = -3*u + 5*u + 22 - 24. Let j be g(10). What are the prime factors of (-12)/j + 26/3?
2
Suppose -5*t + 4*t + 33 = 0. Suppose 0 = 5*v + 4*f - f - t, 0 = 5*f - 5. List the prime factors of v.
2, 3
List the prime factors of ((-12)/16)/(6 - (-37394)/(-6232)).
3, 19, 41
Let k(m) = -2*m**3 - 4*m**2 - 3*m + 4. Let r be k(-4). Suppose c + c = r. Let z = c - 19. What are the prime factors of z?
3, 7
Let o = 173 + -26. Suppose -38*x = -41*x + o. What are the prime factors of x?
7
Let m(x) = -8*x - 7. Let c be m(-3). Suppose -2*b + 14 = 2*s, -46 + c = -5*s - 3*b. Suppose 5*z = 2*o - 39 - 16, -s*o = -2*z - 102. List the prime factors of o.
5
Let m = 15 + -46. Let g = m + 185. What are the prime factors of g?
2, 7, 11
Let u = -5 - -7. Suppose -4*h - 496 = -4*x, 0*h - 236 = -u*x - 2*h. List the prime factors of x.
11
Suppose -224*j + 468 = -227*j. What are the prime factors of 0 - -1 - (j + 4)?
3, 17
What are the prime factors of (-8)/(-52) + (-2364)/(-13)?
2, 7, 13
Let v = 4873 + -3235. List the prime factors of v.
2, 3, 7, 13
Let x = 480 + 265. What are the prime factors of x?
5, 149
Let c(a) = 12*a**3 + 3*a**2 - 3*a + 2. Let p be c(2). Suppose p = 2*g - 54. List the prime factors of g.
79
Let v be 5/4*(4 - 0). Suppose 102 - 34 = p + v*o, -p + 56 = o. Suppose h - 32 = -f - 3, -p = -2*h - f. List the prime factors of h.
2, 3
Suppose 8*m + 4*m - 12792 = 0. List the prime factors of m.
2, 13, 41
Suppose 0 = a - 5*s - 2, 0 = 3*a - 8*a + 4*s + 73. What are the prime factors of a?
17
Suppose 2 = -b + 10. Suppose -3*o + 11*r = b*r - 444, 454 = 3*o - 5*r. List the prime factors of o.
11, 13
Let l = -2749 + 4092. List the prime factors of l.
17, 79
Let d be -52*5*(-6)/12. Suppose -5*u = 5*w - 15, -2*u - 5 = w - 13. Suppose 0 = -u*l - 5*v + d, 3*l - 43 = l + v. List the prime factors of l.
23
Let h(d) = -2342*d + 3. What are the prime factors of h(-2)?
43, 109
Suppose 0 = 2*y + 5*o - 21, -2*y - 3*o = -7 - 12. Let j be 2 - (-3)/((-12)/y). What are the prime factors of (-7 + j)*10/(-2)?
5, 7
Let a = 2 + 0. Let t(v) = -14*v - 8 + 162*v**2 - 163*v**a - 8. List the prime factors of t(-12).
2
Let n = 46 - 87. Suppose 2*z = 27*z + 1875. Let b = n - z. What are the prime factors of b?
2, 17
Let j be (24/(-69))/(-4) + 2290/115. Suppose -5*x + 26 - 1 = 0. Suppose 0 = 5*q - 20, 2*f + x*q - j = 8. List the prime factors of f.
2
Let q be (-32)/(-10) + 4/(-20). Suppose -q*l = -2*r + 20 + 183, -5*l - 25 = 0. What are the prime factors of r?
2, 47
Let z(t) = -2*t**3 - 3*t**2 - 5*t - 5. Let y be (-14)/(-63) - (-38)/(-9). Let p be z(y). Let r = -57 + p. What are the prime factors of r?
2, 19
Let t(z) = 7*z + 4. Let w be t(6). Suppose w - 151 = -3*i. What are the prime factors of i?
5, 7
Suppose -1 = -2*h - d, -4*h + 3 = -2*d + 5*d. Suppose -5*x + 62 + 233 = h. List the prime factors of x.
59
Let t(a) = a**2 + a - 1. Let v be t(-3). List the prime factors of (v/(-10))/((-3)/(-1368)*-2).
2, 3, 19
Let c(v) = -v**2 - 8*v + 34. Let y be c(-14). Let o = 108 + y. List the prime factors of o.
2, 29
Suppose -3*g + g + 1104 = -4*p, 5*g - 2774 = 3*p. What are the prime factors of g?
2, 139
Suppose -3*i = 2*t - 1304, -1296 = -2*t + 3*i - 4*i. List the prime factors of t.
2, 17, 19
List the prime factors of (4 + -574)/5*57/(-6).
3, 19
Let v(i) = -2*i**3 - 22*i**2 + 14*i + 43. What are the prime factors of v(-16)?
3, 13, 61
Let u(j) = 4 + 7*j - 2*j**2 - 6*j + 12*j. Let q be u(7). What are the prime factors of 944/16 - (q + -1)?
3, 7
Let o = 9 + -11. Let q be ((-4)/12)/(o/18). Suppose 0 = q*y - s - 60 - 41, -5*y - s = -179. What are the prime factors of y?
5, 7
Let l = 552 + 182. What are the prime factors of l?
2, 367
Let h = 5 - 12. Suppose 3*m - 3*w = 15, -2*w - w - 3 = m. Let q = m - h. List the prime factors of q.
2, 5
Let l be (158 - 0/2) + -2. Suppose 5*b + 6 = l. Suppose -5*c = -4*c - b. List the prime factors of c.
2, 3, 5
Suppose 0 = -h - 5*j - 18, 2*h + 0*j = 5*j + 24. Suppose 0 = -3*t - 0*t - 6, h*i + 3*t = 476. List the prime factors of i.
241
Let t(f) = -4*f**3 - 3*f**2 - 21*f + 9. What are the prime factors of t(-7)?
1381
Let z(j) = -j**2 - 26*j + 5. Let g = 5 - 16. List the prime factors of z(g).
2, 5, 17
Suppose -9 = 5*r + 2*t - 56, 11 = r + 2*t. What are the prime factors of -2 - ((-938)/r - (-4)/18)?
2, 3, 17
Let z = -5 + 49. What are the prime factors of z?
2, 11
Let b be (-52)/39*(-42)/4. Let o be ((-12)/14)/((-3)/b). Suppose 0 = o*t - 177 - 15. List the prime factors of t.
2, 3
What are the prime factors of 640/3*((-324)/(-15))/18?
2
Suppose 16 = 21*w - 20*w. Suppose -w*o + 12*o = -36. What are the prime factors of o?
3
Let a = -1 - -96. Let j = a + 3. What are the prime factors of j?
2, 7
Suppose 6*v - 2*v = 12, -g = -v - 16. Suppose -6*b - 7 = -g. What are the prime factors of b?
2
Suppose -q = -6*q - 2*h, -4*q - h = 0. Suppose q*a - 11*a + 957 = 0. List the prime factors of a.
3, 29
Let z = -348 + -97. Let l = z + 79. What are the prime factors of 1/(l/123 + 3)?
41
Let w = 73 - 31. List the prime factors of -1*(-2 - (w + 4)).
2, 3
Suppose -1630 = -5*n - 5*z, -2*n + 3*z + 2*z + 666 = 0. What are the prime factors of n?
2, 41
Let a(g) = g**3 + 5*g**2 - 2*g. Let w be a(-4). Suppose -h - w = 2*h. What are the prime factors of h/(-16)*28/2?
7
Let m = 19 + -51. Let n be 14/63 + m/(-18). Suppose -4*r = -2*r - 4*p - 62, 0 = 4*r + n*p - 134. What are the prime factors of r?
3, 11
Let m(c) = -c**3 - c**2 - c + 4. Let u be m(0). Let w(n) = 2*n**3 - 4*n**2 + 4*n - 20. List the prime factors of w(u).
2, 3, 5
Let h = 585 - -4667. List the prime factors of h.
2, 13, 101
Let w(t) = 436*t**2 - 2*t - 3. List the prime factors of w(-1).
3, 5, 29
Let c = 1428 + -296. List the prime factors of c.
2, 283
Suppose -4*r + 31 = -0*r + 5*q, 2*r - 17 = -q. Let w = 4 + r. Suppose -12*s = -w*s + 27. List the prime factors of s.
3
Let v be 4 + 147/(-9)*-3. Suppose t - 3*s = 54, 0 = -t + 2*s + v - 0. What are the prime factors of t?
3, 17
Let a(v) = -45 + 2*v**2 + 22 + 22. List the prime factors of a(-4).
31
Suppose g - 3 = 11. Let q be ((-8)/(-10))/(g/35). Suppose 27 = m - 5*r - 2, -2 = q*m + 5*r. What are the prime factors of m?
3
Suppose -3*c - 2*c - 188 = -4*p, 0 = -5*p - 5*c + 190. Let v be (-12)/p - (-37)/7. Suppose 24 = v*z - 56. List the prime factors of z.
2
List the prime factors of (51864/96)/(1/4).
2161
What are the prime factors of (1 - (-95 - 1))*(5 - -3)?
2, 97
Let q be -4*((-18)/8 - -3). Let a = q - -71. What are the prime factors of a?
2, 17
Let g be 288/(-27) + (-6)/(-9). What are the prime factors of (-6)/g - (-4978)/95?
53
Let d(o) = -o**3 + 5 + 5 + o**2 - 7. Let j be d(0). Suppose -52 = -j*r + 35. What are the prime factors of r?
29
Suppose 30 = 5*c + 3*l, 4*c - 3*l - 24 = -0*c. Let o(s) = 2*s - 4. Let k be o(c). Suppose -k + 10 = x. What are the prime factors of x?
2
Suppose z - 1198 = -4*m - 24, 2*m - 5*z - 598 = 0. List the prime factors of m.
2, 3, 7
Suppose -2*i + 0*i = -o + 27, 3*o + 3*i - 126 = 0. Suppose 2*w + 0*w - 3*y - 64 = 0, -o = -w + 4*y. List the pr